7. Let h = u + x. Calculate the remainder when 43 is divided by h.
10
What is the remainder when 18 is divided by 2*44/24*3?
7
Suppose -s - 20 = -6*s. Let c = 14 + s. What is the remainder when 70 is divided by c?
16
Suppose 3*z - 246 = z. Suppose 4*i + 0*i + z = y, 2*y + 3*i = 301. Let c = y - 97. Calculate the remainder when c is divided by 16.
14
Let m be 2/11 - 320/(-55). What is the remainder when 40 is divided by 72/5 + m/(-15)?
12
Let v(q) = -q - 6. Let l be v(-5). Let n(x) = -20*x - 1. What is the remainder when 55 is divided by n(l)?
17
Suppose -3*p + 4*w = -31, -5*w - 26 = -5*p + 34. Calculate the remainder when 50 is divided by p.
16
Suppose 3413 = -5*a - 13372. Calculate the remainder when 72 is divided by a/(-135) + 2/15.
22
Let r(u) = 2*u - 2. Let i be r(4). Suppose i*q - 5*q = 43. Suppose -5*z - 4*k = -95, -4*z - k = -66 + 1. What is the remainder when q is divided by z?
13
Suppose -4*z + 4 = 4*n, -3*z - 2*n + 1 = -n. What is the remainder when 25 is divided by 9*(1 + (0 - z))?
7
Suppose 2*i - 8 = 2, -4*a = -2*i - 66. What is the remainder when a is divided by 11?
8
Suppose 2*x - 20 = -0. What is the remainder when 39 is divided by x?
9
What is the remainder when -1*2 + 252/(0 - -4) is divided by 18?
7
Suppose -98 - 2 = -4*n. What is the remainder when (5 - 21/14)/(1/14) is divided by n?
24
Let d = -67 + 116. Suppose 2*b = -8, -2*b + b = -5*h + 259. Suppose k = -2*k + h. Calculate the remainder when d is divided by k.
15
Let m = -2 + 34. Suppose -r - 55 = -6*r + 5*l, -l + 22 = 2*r. Suppose 4*s - r = 3*s. What is the remainder when m is divided by s?
10
Let j(n) = n**2 + 6*n. Let q be j(-6). Suppose -d + q*d = -4. Calculate the remainder when d is divided by 3.
1
Let a be -1*(1 - -2 - 4). What is the remainder when 3 is divided by (5 + a)*2/4?
0
Let q be 4 + 0 - (-2)/1. Let a = q - 4. Let i = 53 - 50. Calculate the remainder when i is divided by a.
1
Calculate the remainder when (-3*1)/(528/(-75) - -7) is divided by 21.
12
Let o(g) = g**3 - 8*g**2 - 13*g - 11. Calculate the remainder when o(10) is divided by 20.
19
Let l = -4 - -6. What is the remainder when 44 is divided by 32/(0 + l) - 1?
14
Suppose -5*q + m + 14 + 126 = 0, q - 54 = -5*m. Let w = 14 - 6. Calculate the remainder when q is divided by w.
5
Suppose -t - 13 = -4*d, 0 = -d + 6 - 1. Let h(n) = n**2 - n - 15. What is the remainder when h(t) is divided by 15?
12
Let y be 50/12 - (-4)/(-24). Suppose y*i - 37 = -1. Calculate the remainder when 25 is divided by i.
7
Suppose 2*x - 36 = 24. Suppose -6*d - 192 = -18*d. What is the remainder when x is divided by d?
14
Suppose -6*q = -q - 450. Let v = 135 - q. What is the remainder when v is divided by 16?
13
Calculate the remainder when 36/2*3/6 is divided by 6.
3
Suppose v = -4*c + 61, 4*v = -2*c - v + 35. What is the remainder when 28 is divided by c?
13
Let p(x) = 8*x**2 + 1 + 1 - 2*x + 0*x**3 + x**3. Calculate the remainder when p(-7) is divided by 17.
14
Suppose -5*c + 0*c = -375. Suppose 5*z + c = 275. Calculate the remainder when z is divided by 14.
12
Suppose 308 = 5*v - 147. Suppose -2*x - v = -5*w, -59 = -4*w + w - x. Suppose -w - 8 = -3*q. What is the remainder when 17 is divided by q?
8
Let m(t) = -t**2 - 4*t + 3. Let w be m(-4). Let n(y) = y**2 - 3. Let a = -25 - -42. Calculate the remainder when a is divided by n(w).
5
Let z be -6 - 1/((-3)/6). Calculate the remainder when 3 is divided by (-1)/z - (-9)/12.
0
Let y(i) = i**3 - 12*i**2 + 9*i + 26. Calculate the remainder when 15 is divided by y(11).
3
Calculate the remainder when ((-6)/(-4))/(21/280) is divided by (2/(-6))/((-1)/21).
6
Let l be (-2)/(-6) - 13/3. Suppose 3*n - 2*b + 29 = 0, -7 = -5*b - 2. Calculate the remainder when 32 is divided by (-1 - l) + -1 - n.
10
Suppose u - 2 = 3*c, -c = 2*u + 4*c - 15. Suppose -2*x + 3*a + 37 = 0, 5*x - 74 = -u*a - 19. Suppose 0 - 27 = -f. What is the remainder when f is divided by x?
13
Suppose 0 = -3*f + 402 - 3. What is the remainder when f is divided by 17?
14
Let s(m) = -m**3 - 19*m**2 + 20*m + 4. Calculate the remainder when 5 is divided by s(-20).
1
What is the remainder when 44 is divided by 14 - (2 - (4 - 1))?
14
What is the remainder when (-54)/30*(-13 - 2) is divided by -2 - ((-48)/2)/2?
7
Suppose -3*l + 168 = 51. Suppose 5*x = 116 - 11. What is the remainder when l is divided by x?
18
What is the remainder when 28 is divided by (-2 - 1)/(-1) - -12?
13
Suppose -18 = -8*t + 6*t. What is the remainder when 17 is divided by t?
8
Suppose 2*q - 380 = -2*q - 2*r, 102 = q - 3*r. Suppose 5*x = 3*x + q. What is the remainder when x is divided by 25?
23
Let p = 0 + 15. Let u = 149 - 91. Calculate the remainder when (-21)/14*u/(-3) is divided by p.
14
Suppose -2*s + 50 = -34. Calculate the remainder when s is divided by 11.
9
Calculate the remainder when 3/(-9) - -10*(-354)/(-36) is divided by 21.
14
Suppose -2*w - 19 - 17 = 0. Let j = 32 + w. Calculate the remainder when j is divided by 8.
6
Calculate the remainder when 127 is divided by (-1540)/(-36) + (-6)/(-27).
41
Let o = 34 + -21. Suppose 2*a + 5*p + 289 + 135 = 0, 2*a = -4*p - 428. Calculate the remainder when a/(-9)*3/2 is divided by o.
11
Suppose -4*m + 2*m = 2*n - 8, 5*n - 14 = m. Suppose l = 4*z - 22, -5*z - 12 = n*l - 31. What is the remainder when 8 is divided by z?
3
Suppose -3*f + 24 = -4*z + 97, 3*f = -z - 68. Let h = 81 + f. What is the remainder when h is divided by 30?
28
Suppose -n - 30 = 2*b - 6*b, 0 = n + 5*b - 6. Let u = -4 - n. Calculate the remainder when 28 is divided by u.
8
Let g(u) = -2*u - 5. Let h be g(-5). Suppose 35 = 5*f + h*i, -3*i + 15 = 3. What is the remainder when 10 is divided by f?
1
Suppose -6*y + 1 = -5*y. Suppose 5*b + 2 - 17 = 0. Suppose c - 2*c + 7 = b*u, -4*c - 6 = -5*u. Calculate the remainder when y is divided by c.
0
Suppose 0*o + 3*o - 6 = 0. Suppose -o*x - 2*y + 13 = -11, 0 = 4*x - 4*y - 16. What is the remainder when 29 is divided by x?
5
Suppose 152 = 6*o + 56. What is the remainder when 63 is divided by o?
15
Calculate the remainder when (-97)/(-1 + 0/(-4)) is divided by 25.
22
Suppose 23 = 2*q + 5*b, -b + 23 = 3*q - 5*b. Let g = 21 - -14. Calculate the remainder when g is divided by q.
8
Suppose -b = 4*j - 18, -3*j + j - 3*b + 4 = 0. Suppose 1 = -j*f + 11. Suppose -8*m + 20 = -3*m. What is the remainder when m is divided by f?
0
Suppose -3*w + c + 109 = w, 5*w + 5*c = 105. Let b be (-1)/((-1)/(-15*1)). Let u = w + b. What is the remainder when 20 is divided by u?
9
Let p = -1042 - -1112. Let z(q) = 19*q - 1. Calculate the remainder when p is divided by z(1).
16
Let i(w) = -w**3 + 4*w**2 - w + 4. Calculate the remainder when 49 is divided by i(3).
9
Suppose 0 = -58*b + 54*b + 28. Calculate the remainder when 20 is divided by b.
6
Let q(i) = i - 11. What is the remainder when q(22) is divided by 5?
1
Let i be (-1376)/36 - 4/(-18). Let z = 55 + i. What is the remainder when z is divided by 10?
7
Let y(s) = s**2 + 4*s. What is the remainder when y(3) is divided by 12?
9
Let c be (-2)/8 + (-26)/(-8). Suppose 3 = -2*n + c*n + 3*b, 2*n + b - 11 = 0. What is the remainder when ((-3)/((-9)/(-66)))/(-2) is divided by n?
5
Suppose -w = -5*v + 222, 188 = 4*v - 3*w + 6. Suppose l + j - v = 0, 3*l + j = 5*j + 167. What is the remainder when l is divided by 13?
10
Let t(i) = -19*i - 3. Calculate the remainder when t(-1) is divided by 10.
6
Calculate the remainder when 114 is divided by (0 - -1)/(1 - (-116)/(-120)).
24
Suppose m = -5*h + 11 - 2, 2 = -2*m. What is the remainder when h is divided by 2?
0
Let k be (-1)/(-4) - (-211)/4. Let q = 110 - k. Suppose 0 = -4*w + q + 11. What is the remainder when 32 is divided by w?
15
Suppose -5*n + 0*n = -5*m - 60, -3*n + 43 = 4*m. Calculate the remainder when 50 is divided by n.
11
Suppose -2*m = -3*f + 21, m - f = 4*f - 28. Let q = m + 9. Calculate the remainder when q is divided by 4.
2
Suppose 5*x + 44 = 5*b - 4*b, -3*b + 5*x = -112. Calculate the remainder when 132 is divided by b.
30
Let q = 91 - 80. Let w = -6 - -10. What is the remainder when q is divided by -1 - (-1 - w*1)?
3
Let x = 4 + -1. Let f(o) = o - 9*o - x - 6*o. What is the remainder when f(-2) is divided by 9?
7
What is the remainder when (730/(-15))/(4/(-6)) is divided by 13?
8
What is the remainder when 6*(-10)/15*-